is the units digit of 1347?
7
What is the thousands digit of 48669?
8
What is the hundreds digit of 9698?
6
What is the thousands digit of 13290?
3
What is the units digit of 11342?
2
What is the units digit of 27308?
8
What is the thousands digit of 1701?
1
What is the thousands digit of 5041?
5
What is the thousands digit of 5061?
5
What is the hundreds digit of 152504?
5
What is the ten thousands digit of 73048?
7
What is the hundreds digit of 856?
8
What is the thousands digit of 2020?
2
What is the units digit of 8638?
8
What is the thousands digit of 14375?
4
What is the thousands digit of 1983?
1
What is the hundreds digit of 416?
4
What is the thousands digit of 3245?
3
What is the thousands digit of 3338?
3
What is the units digit of 5334?
4
What is the thousands digit of 9487?
9
What is the hundreds digit of 9767?
7
What is the tens digit of 121633?
3
What is the tens digit of 6810?
1
What is the thousands digit of 1528?
1
What is the tens digit of 5584?
8
What is the tens digit of 931?
3
What is the hundreds digit of 6527?
5
What is the tens digit of 20448?
4
What is the tens digit of 19168?
6
What is the hundreds digit of 3815?
8
What is the tens digit of 4108?
0
What is the tens digit of 478?
7
What is the thousands digit of 31210?
1
What is the hundreds digit of 3765?
7
What is the hundreds digit of 27424?
4
What is the hundreds digit of 22236?
2
What is the hundreds digit of 1354?
3
What is the units digit of 9795?
5
What is the tens digit of 33559?
5
What is the tens digit of 1519?
1
What is the ten thousands digit of 48650?
4
What is the tens digit of 2909?
0
What is the units digit of 4734?
4
What is the units digit of 16595?
5
What is the hundreds digit of 4787?
7
What is the units digit of 19169?
9
What is the hundreds digit of 14237?
2
What is the ten thousands digit of 18954?
1
What is the units digit of 10014?
4
What is the thousands digit of 33750?
3
What is the tens digit of 2848?
4
What is the hundreds digit of 40721?
7
What is the thousands digit of 18326?
8
What is the tens digit of 3827?
2
What is the tens digit of 2413?
1
What is the tens digit of 1232?
3
What is the hundreds digit of 7363?
3
What is the tens digit of 785?
8
What is the tens digit of 2351?
5
What is the units digit of 4798?
8
What is the units digit of 2156?
6
What is the hundreds digit of 202?
2
What is the units digit of 124059?
9
What is the ten thousands digit of 114141?
1
What is the tens digit of 43?
4
What is the units digit of 3449?
9
What is the tens digit of 5992?
9
What is the tens digit of 9541?
4
What is the thousands digit of 67748?
7
What is the thousands digit of 13333?
3
What is the thousands digit of 108036?
8
What is the thousands digit of 37770?
7
What is the ten thousands digit of 39004?
3
What is the hundreds digit of 32635?
6
What is the hundreds digit of 16491?
4
What is the units digit of 6101?
1
What is the units digit of 1310?
0
What is the units digit of 3149?
9
What is the tens digit of 411?
1
What is the units digit of 949?
9
What is the units digit of 8129?
9
What is the tens digit of 2250?
5
What is the tens digit of 2623?
2
What is the units digit of 10493?
3
What is the hundreds digit of 2179?
1
What is the thousands digit of 3383?
3
What is the units digit of 6443?
3
What is the hundreds digit of 2754?
7
What is the units digit of 1611?
1
What is the thousands digit of 7451?
7
What is the units digit of 3342?
2
What is the tens digit of 1460?
6
What is the hundreds digit of 6255?
2
What is the tens digit of 121?
2
What is the tens digit of 4783?
8
What is the units digit of 2759?
9
What is the hundreds digit of 2168?
1
What is the hundreds digit of 8934?
9
What is the units digit of 102504?
4
What is the tens digit of 987?
8
What is the ten thousands digit of 15505?
1
What is the hundreds digit of 12762?
7
What is the units digit of 6707?
7
What is the ten thousands digit of 110035?
1
What is the units digit of 80410?
0
What is the tens digit of 872?
7
What is the units digit of 1563?
3
What is the hundreds digit of 93895?
8
What is the tens digit of 3657?
5
What is the thousands digit of 1984?
1
What is the thousands digit of 3814?
3
What is the thousands digit of 56131?
6
What is the units digit of 4173?
3
What is the units digit of 1162?
2
What is the units digit of 29889?
9
What is the ten thousands digit of 20089?
2
What is the tens digit of 864?
6
What is the hundreds digit of 2504?
5
What is the tens digit of 47496?
9
What is the hundreds digit of 54511?
5
What is the units digit of 59385?
5
What is the hundreds digit of 36332?
3
What is the ten thousands digit of 15898?
1
What is the tens digit of 5146?
4
What is the units digit of 1731?
1
What is the units digit of 3830?
0
What is the ten thousands digit of 19022?
1
What is the units digit of 863?
3
What is the units digit of 794?
4
What is the units digit of 4385?
5
What is the tens digit of 3348?
4
What is the tens digit of 564?
6
What is the units digit of 143511?
1
What is the units digit of 790?
0
What is the units digit of 2515?
5
What is the tens digit of 83420?
2
What is the units digit of 743?
3
What is the units digit of 750?
0
What is the hundreds digit of 5654?
6
What is the tens digit of 29449?
4
What is the tens digit of 1244?
4
What is the hundreds digit of 4411?
4
What is the units digit of 489?
9
What is the thousands digit of 14416?
4
What is the thousands digit of 7134?
7
What is the ten thousands digit of 12057?
1
What is the tens digit of 14450?
5
What is the hundreds digit of 33652?
6
What is the thousands digit of 109473?
9
What is the thousands digit of 10686?
0
What is the tens digit of 1742?
4
What is the units digit of 60?
0
What is the tens digit of 722?
2
What is the units digit of 326?
6
What is the hundreds digit of 8042?
0
What is the tens digit of 14871?
7
What is the ten thousands digit of 78466?
7
What is the hundreds digit of 2008?
0
What is the hundreds digit of 16661?
6
What is the units digit of 4006?
6
What is the hundred thousands digit of 192319?
1
What is the hundreds digit of 493?
4
What is the ten thousands digit of 21679?
2
What is the tens digit of 6924?
2
What is the tens digit of 37784?
8
What is the hundreds digit of 36474?
4
What is the tens digit of 15075?
7
What is the units digit of 4622?
2
What is the tens digit of 684?
8
What is the hundreds digit of 912?
9
What is the tens digit of 860?
6
What is the ten thousands digit of 29920?
2
What is the hundreds digit of 109582?
5
What is the thousands digit of 21700?
1
What is the units digit of 11623?
3
What is the tens digit of 42032?
3
What is the hundreds digit of 26141?
1
What is the hundreds digit of 4367?
3
What is the tens digit of 2026?
2
What is the hundreds digit of 5140?
1
What is the ten thousands digit of 16604?
1
What is the hundreds digit of 4849?
8
What is the units digit of 10070?
0
What is the units digit of 1431?
1
What is the units digit of 3902?
2
What is the hundreds digit of 91577?
5
What is the ten thousands digit of 42493?
4
What is the hundreds digit of 22202?
2
What is the tens digit of 5959?
5
What is the hundred thousands digit of 104267?
1
What is the hundreds digit of 1878?
8
What is the units digit of 109742?
2
What is the tens digit of 897?
9
What is the tens digit of 1521?
2
What is the ten thousands digit of 43005?
4
What is the tens digit of 387?
8
What is the tens digit of 10984?
8
What is the units digit of 2248?
8
What is the hundreds digit of 8077?
0
What is the tens digit of 5911?
1
What is the ten thousands digit of 70581?
7
What is the thousands digit of 16893?
6
What is the ten thousands digit of 58180?
5
What is the ten thousands digit of 21819?
2
What is the hundreds digit of 29730?
7
What is the tens digit of 1385?
8
What is the tens digit of 59776?
7
What is the hundreds digit of 12530?
5
What is the ten thousands digit of 127241?
2
What is the hundreds digit of 3517?
5
What is the hundreds digit of 1836?
8
What is the units digit of 350?
0
What is the ten thousands digit of 95810?
9
What is the tens digit of 16452?
5
What is the ten thousands digit of 21766?
2
What is the hundreds digit of 51324?
3
What is the hundreds digit of 16927?
9
What is the tens digit of 3349?
4
What is the thousands digit of 29